{"id":6,"date":"2011-02-27T17:02:14","date_gmt":"2011-02-27T17:02:14","guid":{"rendered":"https:\/\/servizilegali.org\/wp\/menu-principale\/menu-principale-menu-principale\/attivita-e-materie\/"},"modified":"2022-12-06T17:57:10","modified_gmt":"2022-12-06T16:57:10","slug":"attivita-e-materie","status":"publish","type":"page","link":"https:\/\/servizilegali.org\/?page_id=6","title":{"rendered":"Attivit\u00e0 e Materie Trattate"},"content":{"rendered":"<p style=\"text-align: justify;\"><a href=\"https:\/\/servizilegali.org\/\/wp-content\/uploads\/2011\/02\/images2.jpg\"><img loading=\"lazy\" decoding=\"async\" class=\"alignnone size-medium wp-image-5\" src=\"https:\/\/servizilegali.org\/\/wp-content\/uploads\/2011\/02\/images2-300x143.jpg\" alt=\"\" width=\"300\" height=\"143\" srcset=\"https:\/\/servizilegali.org\/wp-content\/uploads\/2011\/02\/images2-300x143.jpg 300w, https:\/\/servizilegali.org\/wp-content\/uploads\/2011\/02\/images2.jpg 326w\" sizes=\"auto, (max-width: 300px) 100vw, 300px\" \/><\/a><\/p>\n<p style=\"text-align: justify;\">Lo Studio Legale Brugnoli &amp; D\u2019Andrea svolge la propria attivit\u00e0 in molteplici\u00a0settori del diritto. Come gi\u00e0 evidenziato nelle precedenti pagine la filosofia dello Studio B&amp;D \u00e8 quella di offrire a Privati ed Imprese l&#8217;assistenza e la consulenza in tutto il settore giuridico, per essere di supporto in qualsiasi bisogno imprevisto. Tale capacit\u00e0 rende possibile l&#8217;ottimizzazione dei costi al fine di rendere effettivo il principio di difesa e sostegno dei propri clienti.<\/p>\n<p style=\"text-align: justify;\">Si riportano un sintetico elenco delle materie trattate.<\/p>\n<p style=\"text-align: justify;\"><strong><em><span style=\"text-decoration: underline;\">Diritto Civile<\/span><\/em><\/strong>: Il Diritto Civile in senso generale \u00e8\u00a0comunemente inteso come una categoria del Diritto Privato contenente l&#8217;insieme di norme giuridiche che regolano i rapporti tra privati. Il Diritto Civile comprende la materia dei contratti, delle obbligazioni, dei diritti reali, delle persone e della famiglia, delle successioni a causa di morte, della responsabilit\u00e0 civile. Nell&#8217;ambito di tale categoria generale abbiamo inteso elencare in maniera pi\u00f9 dettagliata le sottocategorie giuridiche al fine di permettere all&#8217;utente una migliore comprensione dell&#8217;attivit\u00e0 effettivamente svolta dallo Studio Legale B&amp;D.<\/p>\n<p style=\"text-align: justify;\"><strong><em><span style=\"text-decoration: underline;\">Diritto di Famiglia<\/span><\/em>:<\/strong> Separazioni, divorzi, tutela dei minori e minorile, inabilit\u00e0, interdizioni. Particolare attenzione all&#8217;applicazione dell&#8217;Affido Condiviso introdotto con la Legge 8 febbraio 2006 n. 54 quale strumento per regolare\u00a0l&#8217;affidamento dei figli e quindi l&#8217;esercizio della potest\u00e0 genitoriale in caso di cessazione di convivenza dei genitori in modo che ciascun genitore sia responsabile in prima persona del rapporto con la prole. Particolare attenzione viene dedicata alla risoluzione dei contrasti patrimoniali ed economici che insorgono all&#8217;interno della coppia al momento della separazione. Spesso infatti l&#8217;attenta gestione emotiva e pratica di tale difficile momento condiziona lo sviluppo e l&#8217;armonia dell&#8217;intera esistenza delle persone coinvolte siano esse adulti o bambini.<\/p>\n<p style=\"text-align: justify;\"><strong><em><span style=\"text-decoration: underline;\">Diritti della Persona<\/span>:<\/em><\/strong> I Diritti della Personalit\u00e0 sono diritto assoluti che si acquistano automaticamente con la nascita e si perdono con la morte, nascono indipendentemente dal tipo di ordinamento giuridico esistente perch\u00e9 diritto dell\u2019uomo in quanto tale e quindi lo Stato \u00e8 tenuto a garantirli. In tale categoria sono annoverati il <strong>Diritto alla vita e integrit\u00e0 fisica<\/strong>: \u00e8 tutelato in sede penale e civile, oltre ad essere oggetto di previsione costituzionale (artt. 2 e 32 Cost.) spesso anche conosciuto come<strong> Diritto alla Salute.<\/strong> <strong>Diritto all&#8217;onore <\/strong>quale tutela della dignit\u00e0 della persona concedendo l&#8217;azione sia penale sia civile nei confronti di chi lo violi con atti volti a screditare la dignit\u00e0 e la considerazione sociale di un individuo. <strong>Diritto alla riservatezza <\/strong>tutela l&#8217;esigenza ad avere una sfera personale dalla quale si pu\u00f2 escludere chiunque dalla sua conoscenza. Non \u00e8 previsto da una sola norma ma da un insieme di leggi, generali e speciali, dalle quali si pu\u00f2 desumere l&#8217;esistenza di un generale diritto alla riservatezza come diritto della personalit\u00e0. Il <strong>Diritto al nome<\/strong> inteso a tutelare l&#8217;interesse della persona ad usare il proprio nome come segno distintivo della persona; in altre parole tale diritto tutela l&#8217;interesse alla propria differenziazione ed identificazione sociale. Tale profilo giuridico nell&#8217;era della connettivit\u00e0 globale sta assumendo contorni e contenuti sempre pi\u00f9 specifici. In tale ottica infatti si \u00e8 arrivati alla definizione del <strong>Diritto all&#8217;identit\u00e0 personale<\/strong> come interesse alla propria identificazione sociale. La salvaguardia di tale diritto \u00e8 di creazione giurisprudenziale e tutela l&#8217;interesse dell&#8217;individuo a veder rappresentata la propria personalit\u00e0 in maniera fedele. In altre parole si tutela il diritto ad essere rappresentati per quello che si ritiene di essere, senza che dall&#8217;esterno risulti modificato o alterato il proprio patrimonio intellettuale, professionale, etico o ideologico come gi\u00e0 espressosi nell&#8217;ambiente sociale.<\/p>\n<p style=\"text-align: justify;\"><strong><em><span style=\"text-decoration: underline;\">Diritto Amministrativo<\/span><\/em><\/strong>: Il Diritto Amministrativo \u00e8 un ramo del Diritto Pubblico le cui norme regolano le attivit\u00e0 di perseguimento degli interessi pubblici della Pubblica Amministrazione e i rapporti tra questa e i cittadini. Proprio al fine di controllare l&#8217;operato della Pubblica Amministrazione nell&#8217;esercizio dei suoi poteri si rende spesso necessario Tutelare i Cittadini nei propri interessi legittimi e nei propri diritti soggettivi quando entrano in contatto ed in contrasto con il pubblico potere. Lo Studio B&amp;D offre idonea assistenza davanti alla magistratura amministrativa, TAR e Consiglio Di Stato,\u00a0per persone private ed\u00a0imprese. Inoltre prima della fase contenziosa \u00e8 possibile, e spesso utile, attivare le procedure previste per<strong> l&#8217;Autotutela<\/strong> nonch\u00e8 dalla legislazione sulla trasparenza amministrativa introdotta dalla Legge 241 del 1990 e successive modificazioni.<\/p>\n<p><strong><em><span style=\"text-decoration: underline;\">Diritto Commerciale<\/span><\/em><\/strong>: Si definisce Diritto Commerciale quella branca del Diritto Privato che comprende varie ed articolate materie legate agli aspetti giuridicamente rilevanti delle attivit\u00e0 economiche e pertanto in esso sono ricomprese le attivit\u00e0 di consulenza ed assistenza agli imprenditori. In tale settore lo Studio B&amp;D svolge un&#8217;importante attivit\u00e0 di aiuto nei confronti dell&#8217;impresa al fine di individuare e sviluppare la propria attivit\u00e0 commerciale (Business). Molto utile si \u00e8 rivelata l&#8217;assistenza e la consulenza nel momento iniziale dell&#8217;attivit\u00e0 imprenditoriale (Start up) ove anche dei semplici consigli risultano efficaci al fine di ottimizzare le risorse ed arrivare cos\u00ec concretamente a sviluppare la propria attivit\u00e0. In tale categoria viene ovviamente ricompresa l&#8217;esperienza maturata nel <strong>Diritto Societario <\/strong>inteso sia come insieme delle norme che regolano la vita delle strutture organizzative anche dopo la riforma operata dal Decreto Legislativo 6 del 17\/1\/2003, sia come un elemento sempre pi\u00f9 connesso al Diritto Comunitario quale strumento necessario per l&#8217;ampliamento del mercato di riferimento e la realizzazione di efficaci relazioni commerciali internazionali. Non sfugge anche l&#8217;assistenza nel delicato momento di crisi dell&#8217;impresa, in quanto lo Studio B&amp;D ha acquisito notevole esperienza al fine di predisporre procedure concorsuali che permettano all&#8217;imprenditore in difficolt\u00e0 di concludere un&#8217;esperienza mantenendo la possibilit\u00e0 di creare nuove attivit\u00e0. Infatti la conoscenza del <strong>Diritto Fallimentare <\/strong>e delle nuove<strong> Procedure Concorsuali <\/strong>sono strumenti indispensabili in attivit\u00e0 il cui rischio economico\u00a0\u00e8 spesso connesso alla reale capacit\u00e0 di fare impresa.<\/p>\n<p style=\"text-align: justify;\"><strong><em><span style=\"text-decoration: underline;\">Diritto Tributario<\/span>:<\/em><\/strong> Inizialmente nato come una branca indifferenziata del Diritto Amministrativo il Diritto Tributario lo si pu\u00f2 identificare nel complesso di norme che regolano l\u2019imposizione e la riscossione dei tributi e quindi recanti la disciplina del rapporto che si instaura tra il soggetto attivo (l\u2019ente impositore) ed il soggetto passivo (il contribuente) della relativa prestazione obbligatoria, dalla nascita alla sua concreta attuazione, nonch\u00e9 la disciplina dei rapporti e delle situazioni connessi o derivati. Lo Studio B&amp;D , sempre nell&#8217;ottica di una difesa degli interessi e dei diritti dei propri assistiti svolge l&#8217;attivit\u00e0 di rappresentanza\u00a0giudiziale presso le Commissioni Tributarie Provinciali e Regionali. Offre una analisi ed una consulenza sugli atti di accertamento, Processi verbali di Constatazione, Assistenza del\u00a0Contribuente nella richiesta di chiarimenti presso l\u2019Agenzia delle Entrate e procedure di risoluzione del contenzioso tributario.<\/p>\n<p style=\"text-align: justify;\"><strong><em><span style=\"text-decoration: underline;\">Diritto d&#8217;Autore, Brevetti\u00a0 e Marchi<\/span>: <\/em><\/strong>Tradizionalmente, la dicitura &#8220;propriet\u00e0 intellettuale&#8221; e &#8220;propriet\u00e0 industriale&#8221; indica un sistema di tutela giuridica dei beni immateriali e materiali che hanno una sempre maggiore rilevanza economica: ci si riferisce cio\u00e8 ai frutti dell&#8217;attivit\u00e0 creativa\/inventiva umana come ad esempio le opere artistiche e letterarie, le invenzioni industriali ed i modelli di utilit\u00e0, il design, i marchi. L&#8217;Assistenza e la consulenza in tali materie sia per i singoli autori che per le imprese rappresenta pertanto un momento delicato e necessario per il buon esito di qualsiasi progetto. L&#8217;attivit\u00e0 svolta dalla Studio B&amp;D permette pertanto sia di gestire la concorrenza e la tutela delle proprie idee ma anche di evitare frodi e manipolazioni indebite. Inoltre lo sviluppo effettivo del prodotto nel mercato risulta direttamente connesso con l&#8217;analisi e la realizzazione della tutela del prodotto stesso.<\/p>\n<p style=\"text-align: justify;\"><strong><em><span style=\"text-decoration: underline;\">Diritto del Lavoro<\/span>: <\/em><\/strong>Si tratta di una disciplina che spazia dalla regolamentazione delle relazioni tra datore di lavoro e lavoratore a quella attinente alle assicurazioni sociali e previdenziali (diritto della previdenza e della sicurezza sociale). \u00c8 uno di quei rami del diritto che pi\u00f9 direttamente risente dell&#8217;influenza della situazione economica generale. La Tutela del Lavoratore e la Tutela del Datore di Lavoro sono spesso vissute in maniera conflittuale ed antagonista. L&#8217;esperienza maturata nel settore risulta invece risolutiva al fine di permettere alle categorie interessate, siano essi i lavoratori evvero i datori di lavoro, di perseguire i propri interessi nell&#8217;ottica della soluzione dei conflitti con reciproca soddisfazione. Lo Studio B&amp;D avendo maturato esperienza giudiziaria e di consulenza sia nel campo delle\u00a0 vertenze individuali, del\u00a0calcolo delle\u00a0retribuzione, impugnativa licenziamenti, tutela nei provvedimenti disciplinari, tutela contro il mobbing, sia nel campo dell&#8217;assistenza alla gestione del personale, permette di affrontare le conflittualit\u00e0 in maniera efficacie.<\/p>\n<p style=\"text-align: justify;\"><strong><em><span style=\"text-decoration: underline;\">Diritto Penale<\/span><\/em><\/strong>: Come noto \u00e8 il complesso delle norme che descrivono i reati e le conseguenze (pene) da essi derivanti. \u00c8 un ramo dell&#8217;ordinamento giuridico e precisamente del diritto pubblico interno. Tale materia \u00e8 in relazione diretta con tutte le materie precedentemente descritte e pertanto l&#8217;assistenza e la prevenzione risulta un elemento fondamentale per l&#8217;opera di assistenza offerta ai propri assistiti. Si pensi a titolo esemplificativo\u00a0alla tutela in ambito familiare, alla tutela dei minori, ai diritti della personalit\u00e0, ai reati commerciali, per comprendere come l&#8217;esame delle singole fattispecie deve trovare un&#8217;ottica omnicomprensiva.\u00a0Il Diritto Penale con\u00a0Legge 231\/2001 e successive integrazioni ha ampliato anche il proprio campo di applicazione intervenendo\u00a0direttamente sul\u00a0Modello di organizzazione e gestione delle Imprese.<\/p>\n<p style=\"text-align: justify;\">Con la presente descrizione non esaustiva dell&#8217;universo del Diritto, lo Studio Legale B&amp;D ha semplicemente inteso evidenziare la possibilit\u00e0 di assistere i soggetti interessati in merito a tutte le esigenze che sempre pi\u00f9 condizionano l&#8217;esistenza. Crediamo nella possibilit\u00e0 di intervenire al fianco dei nostri clienti per risolvere ogni questione necessaria, consapevoli che la tempestivit\u00e0 e l&#8217;accuratezza dell&#8217;intervento di assistenza e consulenza\u00a0sia l&#8217;elemento primario per la soluzione di ogni problema.<\/p>\n","protected":false},"excerpt":{"rendered":"<p>Lo Studio Legale Brugnoli &amp; D\u2019Andrea svolge la propria attivit\u00e0 in molteplici\u00a0settori del diritto. Come gi\u00e0 evidenziato nelle precedenti pagine la filosofia dello Studio B&amp;D \u00e8 quella di offrire a Privati ed Imprese l&#8217;assistenza e la consulenza in tutto il settore giuridico, per essere di supporto in qualsiasi bisogno imprevisto. Tale capacit\u00e0 rende possibile l&#8217;ottimizzazione [&hellip;]<\/p>\n","protected":false},"author":2,"featured_media":0,"parent":41,"menu_order":5,"comment_status":"closed","ping_status":"closed","template":"","meta":{"footnotes":""},"class_list":["post-6","page","type-page","status-publish","hentry"],"_links":{"self":[{"href":"https:\/\/servizilegali.org\/index.php?rest_route=\/wp\/v2\/pages\/6","targetHints":{"allow":["GET"]}}],"collection":[{"href":"https:\/\/servizilegali.org\/index.php?rest_route=\/wp\/v2\/pages"}],"about":[{"href":"https:\/\/servizilegali.org\/index.php?rest_route=\/wp\/v2\/types\/page"}],"author":[{"embeddable":true,"href":"https:\/\/servizilegali.org\/index.php?rest_route=\/wp\/v2\/users\/2"}],"replies":[{"embeddable":true,"href":"https:\/\/servizilegali.org\/index.php?rest_route=%2Fwp%2Fv2%2Fcomments&post=6"}],"version-history":[{"count":6,"href":"https:\/\/servizilegali.org\/index.php?rest_route=\/wp\/v2\/pages\/6\/revisions"}],"predecessor-version":[{"id":425,"href":"https:\/\/servizilegali.org\/index.php?rest_route=\/wp\/v2\/pages\/6\/revisions\/425"}],"up":[{"embeddable":true,"href":"https:\/\/servizilegali.org\/index.php?rest_route=\/wp\/v2\/pages\/41"}],"wp:attachment":[{"href":"https:\/\/servizilegali.org\/index.php?rest_route=%2Fwp%2Fv2%2Fmedia&parent=6"}],"curies":[{"name":"wp","href":"https:\/\/api.w.org\/{rel}","templated":true}]}}